e of 10 + -12 + -50 + 40 + 3?
-9
What is 8 + (-1 - 19 - -5) - 1?
-8
Calculate 184 + -22 - 114 - (23 + -3 - 3).
31
(-62 + 125 - -97) + -60
100
Calculate 35 - (4 + 18 + -4 - 4).
21
What is the value of (-17 - 2) + 1 + (-9 - (-13 - -16))?
-30
(17 - ((9 - -1) + -4)) + (-36 - -1)
-24
2 + -21 + (30 - 15) + 6 + 26
28
What is the value of -16 + (4 - (22 + -32)) + -10?
-12
Evaluate 19 + (-27 - (37 + -30)) - -11.
-4
What is the value of ((-33 + 22 - 3) + 19 - -45) + -10?
40
Evaluate -17 + (68 - (-46 + 40 - -3)).
54
Evaluate -5 - (1 + -11 + 10).
-5
-88 - (48 + 47 - 19 - 36)
-128
What is (92 - 190) + 213 - 202?
-87
(-24 - -3) + 3 + -3 + 26
5
29 + 0 + -34 + (-3 - (3 + -5)) - -35
29
Evaluate 3 + (-7 - (13 - 10)) + 9 - 22.
-20
Evaluate 6 - (-15 + 9 + (-7 + -9 - -8)).
20
Evaluate -22 - (-48 + (50 - 17)).
-7
What is -121 + 720 + -665 + -1 + -22?
-89
Evaluate (-35 + -12 - -38) + -6.
-15
Evaluate 74 + 22 + -102 + -26.
-32
What is the value of (29 - 1) + -1 + -82 + -26?
-81
What is the value of -8 + 9 + 8 + 4 - (28 + -25)?
10
What is 71 + -51 - (14 + -8)?
14
What is -107 - (69 - (-63 + 180))?
-59
What is the value of -129 + 3 - (80 + -91 - (-10 - (4 + -2)))?
-127
What is -1 + 11 + (120 - 237 - -128)?
21
Calculate 0 + 9 + 2651 + -2637 + 1 + -13.
11
(-59 - (-8 + -60)) + 23
32
Evaluate -31 + (85 - 77) - 34.
-57
What is 68 - (258 - 195) - (70 - (2 - 1))?
-64
Calculate -8322 + 8393 + (0 - -30).
101
What is the value of (-3 - (0 + 0 + 79 + -73)) + 0 - -4?
-5
What is (4 - (20 + -7)) + (11 - (2 + (-4 - -5)))?
-1
Calculate (52 - 1) + 467 + -519.
-1
-9 - (0 + (-6 + 8 - 4 - (14 + 13)))
20
-1 - 9 - (5 + 12 + -30 + 43)
-40
What is the value of -55 - -93 - 91 - (-1 - 16)?
-36
Calculate 2 + 0 - (-111 - ((-55 - (-9 + -11)) + 18)).
96
What is -2 + (19 - -32) + -20 - (1 + 0)?
28
What is (-8 - -2 - 2 - (22 + -37 - -17)) + -3?
-13
What is the value of -11 + -96 + (-747 - -842)?
-12
What is the value of 2 - -2 - (95 + (62 - (-30 + 47)))?
-136
Calculate 14 - (7 + (10 - -4) + 6 + -9).
-4
5 - 7 - -29 - 5 - (10 - -2)
10
Evaluate -4 + (3 - 13) + 26 + (-38 - -17).
-9
167 - ((9 - (1 - -33)) + 63)
129
What is 5 + (7 - 46) + 2 + (-17 - -30)?
-19
Evaluate (-12 - (-21 + 29)) + 26 + (-17 - 1).
-12
Calculate 3783 + -3859 - (-147 - -1).
70
Evaluate 18465 - 18388 - (7 - ((0 - -1) + -1)).
70
-12 + 1 - ((-134 - -121) + 21 + -4)
-15
Calculate -25 - -4 - -22 - 19 - 6.
-24
20 + (-71 - -66) + (1 - 5)
11
58 - (-53 + 93 + 14)
4
Evaluate (-4 - 12) + -15 + (52 - 11).
10
What is -99 + 8 + -1 + (733 - 760)?
-119
Calculate -8 - (30 + (19 - 12) + -19).
-26
Evaluate -44 + -4 - (-7 + 3 - -1 - (-37 - -23)).
-59
-13 - 46 - (-7 + 1) - (-5 + -9)
-39
(52 + -15 - 20) + (-6 - -30)
41
Evaluate -5 + -1 + 0 + -1 + 155 + -145 - -19.
22
Calculate (-10 + 17 + -4 - 1) + -15.
-13
Evaluate (-24 - -3 - (53 - 52 - 26)) + 91 + 1.
96
What is the value of (90 - 58 - (5 - -19)) + -115?
-107
What is the value of (207 - 143) + (2 + 0 - 17)?
49
Evaluate -14 - (4 + 5 + -62 + 109 - -11).
-81
Calculate 1 + -37 + -322 + 341 + (-1 - 0 - 1).
-19
-8 + 1 + (-38 + -12 + 5 - -154)
102
Calculate -47 - 3 - (-615 + 602).
-37
What is the value of (-2 - 2) + -6 + -4 - (46 + -8)?
-52
(15 - 10) + -12 + 29 + -3 + -4
15
What is the value of -9 - (38 + (-11 - -4 - -1) - 13)?
-28
35 + -3 + (-4 - (-18 + 14) - -5)
37
What is 35 - (6 - (-6 + -2 + 17))?
38
What is 1 + 6 + 20 + (0 - 36)?
-9
21 + -34 + 28 - -18
33
Calculate 7 + (-1 - (-75 - -37)).
44
(-42 - (-83 + -3 + 21)) + -74
-51
(2 + (-6 - (9 + 8 + -21)) - 6) + -41
-47
What is -1 + 128 + 1733 + -1795?
65
(14 - (22 + -10)) + 7 + 1 - (-12 + -5)
27
Evaluate -2 + (-7 - (-3 + 2)) - (-43 + -22 - -7).
50
Evaluate -5 + -121 + 48 + 22.
-56
What is -20 + (-1 + 11 - -2) + 11 - (0 - -8)?
-5
Evaluate -27 + -1 - (-4 + (30 - 10)).
-44
Evaluate 28 - -2 - 27 - ((-3 - 0) + -21 + 26).
1
(169 - 155) + (-121 - 0) - (0 - 0)
-107
Evaluate -3 - (13 - (-28 + 7 + 14)).
-23
Calculate -62 - 18 - (1 + -52).
-29
Calculate -11 + (31 - (21 - 0) - 0) + -16 + 1.
-16
What is 13 + -17 + (0 - (1 - 0) - (1 + -19))?
13
What is (-1 - -4) + 9 + 29 - ((-96 - -13) + 88)?
36
Evaluate -15 + (-16 - -4) + 2 + 6 + -2.
-21
Calculate 9 + (-15 - 5 - (-114 + 62)).
41
Evaluate 5 + 2 + -3 + -31 + 18 + (2 - -18).
11
Evaluate 3555 + -3545 + (1 - 30).
-19
14 - (-2 + (10 - 12) - 2 - -5)
15
What is the value of (-247 - -206) + 4 + -32?
-69
(-725 - -712) + 2 + 39 + 1 + 2
31
-96 - -136 - (14 + 3 + -9)
32
What is -15 - (-92 - (-7 + -9 + 17 - 7))?
71
-67 + (32 - -39) + -11
-7
Calculate -27 + -44 + 32 + -10.
-49
Evaluate 8 + (-16 - 0) + (2 - 1) + -134.
-141
What is the value of (51 - 24 - 39) + 5 - -101?
94
Evaluate (-27 - (-11 - (12 - 21))) + -80 - (-1 - 0).
-104
Evaluate (10 - ((-7 - -16) + -18 - -28)) + 11.
2
Evaluate 24 - (-59 - (56 + -155)).
-16
Calculate -2 - -3 - (38 + -88 - -41 - (1 + 1)).
12
What is (39 - 27) + (-3 + -19 - 2)?
-12
-27 + (-101 - -81) + 1 + 15
-31
What is -141 - -179 - (51 - 8)?
-5
What is -15 + -5 - (868 - 853)?
-35
Calculate (-31 - 1) + (30 - 24 - 8).
-34
What is (26 + -97 - -28) + 26 + 24?
7
What is the value of 40 + (-64 - -40) + -17?
-1
Calculate 152 + (-31 - -34) - (-11 + 10 - -17).
139
Calculate (1 - (-31 - -1)) + -2868 + 2860.
23
Calculate 30 + (-31 - ((-20 - 7) + 18)).
8
(-14 - 41) + (3 + (9 - 7) - (22 - 5))
-67
Evaluate 34 - (20 + -6 - -3 - 13).
30
What is the value of -392 + 345 - (0 - 49)?
2
Evaluate -9 + -6 + (-13 - -27) + 86.
85
Evaluate 158 + -164 - (68 + 2 + -9).
-67
What is the value of 414 + -394 - (-6 + -61 + -6 + 7)?
86
What is -57 + (46 - 93 - -56)?
-48
Evaluate -22 + (2 - (-6 + 22)).
-36
Evaluate (-3 - -2) + -15 + -44 + 14.
-46
What is 0 - 85 - -1 - (-3058 - -3032)?
-58
Evaluate -131 + 166 - (8 + -20 - -47).
0
Calculate (44 - -82 - 17) + -58.
51
What is the value of -7 + (0 + -16 - (-5 - (-28 + 91)))?
45
Evaluate 19 + -42 + -41 + 3.
-61
Calculate -10 - (-1 - (-2 + -1) - (-95 - -113)).
6
(-3 - 5) + 8 + -13 + 10
-3
What is the value of 18 + (1 + 9 - (4 - -17))?
7
(-34 - 13 - 10) + 13 - -15
-29
Calculate 3 - (-1 - -6) - (-12 - -9 - -14).
-13
Evaluate 28 - (-154 - -221) - (-1 - (0 + -12)).
-50
What is (-54 - -43) + 1 + (4 - 6)?
-12
What is the value of (-173 + 83 - -60) + -49?
-79
Calculate -1157 + 1125 + (20 - 1).
-13
What is -3 + 4 - (-14 + 13) - -2 - (-26 - 16)?
46
What is 45 + (42 - 11 - 60)?
16
What is (-1 + -7 - 0) + (84 - 1)?
75
What is 91 - (163 - 163 - -67)?
24
Evaluate 71 + (-72 - -155) + -79.
75
Calculate -3 + -1 + 83 + (88 - 115).
52
What is (0 - 110) + (-4337 - -4380)?
-67
Evaluate 6 + 13 - (6 - (3 - (-3 + -4 - -9))).
14
Evaluate 24 + (-86 - -15) + (0 - 12).
-59
Calculate -61 + 2 + 38 - 36.
-57
Calculate -8 - -7 - (-72 + 68) - -38.
41
Evaluate 8 + -34 + (3 - 1) + (-37 - -29) + 12.
-20
What is 64 - (-5430 - -5434 - (0 + -1 - (1 + -1)))?
59
Calculate (-18 - (10 - 5)) + -20 + (-18 - -7).
-54
Calculate -1 - -9 - (166 + (-371 - -156)).
57
(-1419 - -1412) + 1 + 38 + -1 - (2 + -12)
41
What is 20 + 1 + -6 + (-27 - -29 - 75)?
-58
Evaluate -12 - (-43 + -6 + 17 + -39).
59
25 + -47 + 16 - (-20 + (-7 - -5))
16
Calculate 23 - 2 - 33 - ((3 - (2 - 3)) + 2).
-18
What is (125 - 119) + -1 + 0 + 91 + -275 + 275?
96
Calculate 39 - (313 + -309 - (0 - -13) - -18).
30
Calculate -9 + 11 + -5 - (44 - (7 - -5)).
-35
Calculate 31 + (-468 + 461 - (-21 - (1 - 0))).
46
Evaluate -10 + (-29 + 3 - 7).
-43
Evaluate 71 - (-34 - (-11 - 83)).
11
What is (-1 - 55) + (10720 + -10742 - (1 - (12 - -2)))?
-65
-26 + (-35 - 15 - -19)
-57
What is the value of (-5 - -3) + 68 + 43 + -75?
34
Evaluate (43092 - 43179) + (6 - (-4 - (2 - 4))).
-79
Calculate -32 - (-111 - -120 - 82).
41
What is -2 - (-2 - -4 - 2) - (72 + 58 + -109)?
-23
What is the value of (4 - -25) + -5 - (447 - 371)?
-52
Evaluate 0 + 158 - (22 + 8 + (-40 - -23) - -1).
144
Evaluate (-9 - (69 - 92)) + -14 + (2 - 1) + -61.
-60
What is the value of (-104 - (-110 - -48) - (-13 - -1)) + 16 - 130?
-144
(39 + 4 - (-14 - -22)) + (0 - 10)
25
What is -32 - (62 + -123 - -43)?
-14
What is -25 - (-60 + -47 + 57)?
25
What is (-4 - (-9 - -6)) + (-85 - 16) + 9 + 10?
-83
What is the value of -4 + 25 - ((-40 - -105) + -97)?
53
-91 + 50 + (-2 - -16 - (2 + 0 - -1))
-30
Calculate -1421 + 1435 + 3 + -106.
-89
What is (-21 - (13 + -56)) + -11 + -25 - 82?
-96
13 + (1 - 2) + (-82 - 197 - -259)
-8
What is -3 - (-19 + (7 - -